{"id":1784,"date":"2023-05-29T12:31:14","date_gmt":"2023-05-29T09:31:14","guid":{"rendered":"https:\/\/sani-akmi.humanminds.agency\/?page_id=1784"},"modified":"2025-07-30T12:18:32","modified_gmt":"2025-07-30T09:18:32","slug":"%cf%83%cf%87%ce%bf%ce%bb%ce%ae-%ce%b3%ce%b1%cf%83%cf%84%cf%81%ce%bf%ce%bd%ce%bf%ce%bc%ce%af%ce%b1%cf%82-%cf%84%ce%bf%cf%85%cf%81%ce%b9%cf%83%ce%bc%ce%bf%cf%8d","status":"publish","type":"page","link":"https:\/\/iek-akmi.edu.gr\/hospitalityforward\/%cf%83%cf%87%ce%bf%ce%bb%ce%ae-%ce%b3%ce%b1%cf%83%cf%84%cf%81%ce%bf%ce%bd%ce%bf%ce%bc%ce%af%ce%b1%cf%82-%cf%84%ce%bf%cf%85%cf%81%ce%b9%cf%83%ce%bc%ce%bf%cf%8d\/","title":{"rendered":"\u03a3\u03c7\u03bf\u03bb\u03ae \u0393\u03b1\u03c3\u03c4\u03c1\u03bf\u03bd\u03bf\u03bc\u03af\u03b1\u03c2 &#038; \u03a4\u03bf\u03c5\u03c1\u03b9\u03c3\u03bc\u03bf\u03cd"},"content":{"rendered":"<section class=\"wpb-content-wrapper\"><p>[vc_row full_width=&#8221;stretch_row&#8221; css=&#8221;.vc_custom_1685354920494{padding-top: 60px !important;padding-bottom: 50px !important;}&#8221;][vc_column]<div id=\"ultimate-heading-221769feb9dcab8f1\" class=\"uvc-heading ult-adjust-bottom-margin ultimate-heading-221769feb9dcab8f1 uvc-7772 \" data-hspacer=\"no_spacer\"  data-halign=\"center\" style=\"text-align:center\"><div class=\"uvc-heading-spacer no_spacer\" style=\"top\"><\/div><div class=\"uvc-main-heading ult-responsive\"  data-ultimate-target='.uvc-heading.ultimate-heading-221769feb9dcab8f1 h1'  data-responsive-json-new='{\"font-size\":\"desktop:34px;mobile_landscape:28px;\",\"line-height\":\"mobile_landscape:44px;\"}' ><h1 style=\"--font-weight:theme;color:#7493a9;\">\u03a3\u03a7\u039f\u039b\u0397 \u0393\u0391\u03a3\u03a4\u03a1\u039f\u039d\u039f\u039c\u0399\u0391\u03a3 &amp; \u03a4\u039f\u03a5\u03a1\u0399\u03a3\u039c\u039f\u03a5<\/h1><\/div><\/div>[\/vc_column][\/vc_row][vc_row full_width=&#8221;stretch_row&#8221; css=&#8221;.vc_custom_1685354233065{padding-bottom: 50px !important;}&#8221;][vc_column width=&#8221;1\/3&#8243;]<div id=\"ultimate-heading-840969feb9dcab93c\" class=\"uvc-heading ult-adjust-bottom-margin ultimate-heading-840969feb9dcab93c uvc-9918 \" data-hspacer=\"no_spacer\"  data-halign=\"left\" style=\"text-align:left\"><div class=\"uvc-heading-spacer no_spacer\" style=\"top\"><\/div><div class=\"uvc-main-heading ult-responsive\"  data-ultimate-target='.uvc-heading.ultimate-heading-840969feb9dcab93c h2'  data-responsive-json-new='{\"font-size\":\"desktop:34px;mobile_landscape:24px;\",\"line-height\":\"mobile_landscape:38px;\"}' ><h2 style=\"--font-weight:theme;color:#5a5b5d;margin-bottom:20px;\">\u0397 \u0391\u03bd\u03ce\u03c4\u03b5\u03c1\u03b7 \u03a3\u03c7\u03bf\u03bb\u03ae \u0391\u039a\u039c\u0397 \u03c0\u03c1\u03bf\u03c3\u03c6\u03ad\u03c1\u03b5\u03b9 \u03c4\u03b1 \u03c0\u03bb\u03b7\u03c1\u03ad\u03c3\u03c4\u03b5\u03c1\u03b1 \u03c0\u03c1\u03bf\u03b3\u03c1\u03ac\u03bc\u03bc\u03b1\u03c4\u03b1 \u03b5\u03be\u03b5\u03b9\u03b4\u03af\u03ba\u03b5\u03c5\u03c3\u03b7\u03c2 \u03c3\u03c4\u03b7 <strong>\u039c\u03b1\u03b3\u03b5\u03b9\u03c1\u03b9\u03ba\u03ae<\/strong> \u03ba\u03b1\u03b9 \u03c4\u03b1 <strong>\u039e\u03b5\u03bd\u03bf\u03b4\u03bf\u03c7\u03b5\u03b9\u03b1\u03ba\u03ac \u03c3\u03c4\u03b1 \u03c0\u03c1\u03cc\u03c4\u03c5\u03c0\u03b1 \u03c4\u03c9\u03bd \u03bc\u03b5\u03b3\u03b1\u03bb\u03cd\u03c4\u03b5\u03c1\u03c9\u03bd Chef & \u0397\u03bfspitality Schools \u03b4\u03b9\u03b5\u03b8\u03bd\u03ce\u03c2<\/strong>.<\/h2><\/div><\/div>[\/vc_column][vc_column width=&#8221;2\/3&#8243;]<div id=\"ultimate-heading-39869feb9dcab968\" class=\"uvc-heading ult-adjust-bottom-margin ultimate-heading-39869feb9dcab968 uvc-4374 \" data-hspacer=\"no_spacer\"  data-halign=\"center\" style=\"text-align:center\"><div class=\"uvc-heading-spacer no_spacer\" style=\"top\"><\/div><div class=\"uvc-sub-heading ult-responsive\"  data-ultimate-target='.uvc-heading.ultimate-heading-39869feb9dcab968 .uvc-sub-heading '  data-responsive-json-new='{\"font-size\":\"desktop:18px;mobile_landscape:14px;\",\"line-height\":\"desktop:27px;mobile_landscape:24px;\"}'  style=\"font-weight:normal;color:#3f3a46;\"><\/p>\n<p style=\"text-align: left;\">H <strong>\u03a3\u03c7\u03bf\u03bb\u03ae \u0393\u03b1\u03c3\u03c4\u03c1\u03bf\u03bd\u03bf\u03bc\u03af\u03b1\u03c2 \u03ba\u03b1\u03b9 \u03a4\u03bf\u03c5\u03c1\u03b9\u03c3\u03bc\u03bf\u03cd<\/strong> \u03c4\u03b7\u03c2 <span data-olk-copy-source=\"MessageBody\">\u0391\u03bd\u03ce\u03c4\u03b5\u03c1\u03b7\u03c2 \u03a3\u03c7\u03bf\u03bb\u03ae\u03c2 \u0391\u039a\u039c\u0397<\/span> \u03ba\u03b1\u03c4\u03ad\u03c7\u03b5\u03b9 \u03b5\u03c0\u03ac\u03be\u03b9\u03b1 \u03c4\u03b9\u03c2 \u03c4\u03b5\u03bb\u03b5\u03c5\u03c4\u03b1\u03af\u03b5\u03c2 \u03b4\u03b5\u03ba\u03b1\u03b5\u03c4\u03af\u03b5\u03c2 \u03c4\u03b7\u03bd \u03ba\u03bf\u03c1\u03c5\u03c6\u03b1\u03af\u03b1 \u03b8\u03ad\u03c3\u03b7 \u03c3\u03c4\u03b9\u03c2 \u03c3\u03c0\u03bf\u03c5\u03b4\u03ad\u03c2 <strong>\u03b5\u03c0\u03b1\u03b3\u03b3\u03b5\u03bb\u03bc\u03b1\u03c4\u03b9\u03ba\u03ae\u03c2 \u03b5\u03ba\u03c0\u03b1\u03af\u03b4\u03b5\u03c5\u03c3\u03b7\u03c2 \u03ba\u03b1\u03b9 \u03ba\u03b1\u03c4\u03ac\u03c1\u03c4\u03b9\u03c3\u03b7\u03c2<\/strong> \u03bc\u03b5 \u03c0\u03c1\u03b5\u03c3\u03b2\u03b5\u03c5\u03c4\u03ad\u03c2 \u03c4\u03b7\u03c2 \u03c4\u03bf\u03c5\u03c2 \u03c7\u03b9\u03bb\u03b9\u03ac\u03b4\u03b5\u03c2 \u03b1\u03c0\u03bf\u03c6\u03bf\u03af\u03c4\u03bf\u03c5\u03c2 \u03c0\u03bf\u03c5 \u03b4\u03b9\u03b1\u03c0\u03c1\u03ad\u03c0\u03bf\u03c5\u03bd \u03c3\u03c4\u03b9\u03c2 \u03ba\u03bf\u03c5\u03b6\u03af\u03bd\u03b5\u03c2 \u03ba\u03b1\u03b9 \u03be\u03b5\u03bd\u03bf\u03b4\u03bf\u03c7\u03b5\u03af\u03b1 \u03c4\u03b7\u03c2 \u0395\u03bb\u03bb\u03ac\u03b4\u03b1\u03c2 \u03ba\u03b1\u03b9 \u03c4\u03bf\u03c5 \u03b5\u03be\u03c9\u03c4\u03b5\u03c1\u03b9\u03ba\u03bf\u03cd. \u03a0\u03c1\u03bf\u03c3\u03c6\u03ad\u03c1\u03b5\u03b9 \u03c4\u03bf \u03c0\u03bb\u03b7\u03c1\u03ad\u03c3\u03c4\u03b5\u03c1\u03bf \u03c0\u03c1\u03cc\u03b3\u03c1\u03b1\u03bc\u03bc\u03b1 \u03b5\u03be\u03b5\u03b9\u03b4\u03af\u03ba\u03b5\u03c5\u03c3\u03b7\u03c2 \u03b2\u03b1\u03c3\u03b9\u03c3\u03bc\u03ad\u03bd\u03bf \u03c3\u03c4\u03b1 \u03c0\u03c1\u03cc\u03c4\u03c5\u03c0\u03b1 \u03c4\u03c9\u03bd \u03bc\u03b5\u03b3\u03b1\u03bb\u03cd\u03c4\u03b5\u03c1\u03c9\u03bd Chef &amp; \u0397\u03bfspitality Schools \u03b4\u03b9\u03b5\u03b8\u03bd\u03ce\u03c2. \u03a0\u03c1\u03cc\u03ba\u03b5\u03b9\u03c4\u03b1\u03b9 \u03b3\u03b9\u03b1 \u03c3\u03cd\u03b3\u03c7\u03c1\u03bf\u03bd\u03b1 \u03c0\u03c1\u03bf\u03b3\u03c1\u03ac\u03bc\u03bc\u03b1\u03c4\u03b1 \u03c3\u03c0\u03bf\u03c5\u03b4\u03ce\u03bd \u03c0\u03bf\u03c5 \u03c5\u03bb\u03bf\u03c0\u03bf\u03b9\u03bf\u03cd\u03bd\u03c4\u03b1\u03b9 \u03c3\u03b5 <strong>\u03b2\u03c1\u03b1\u03b2\u03b5\u03c5\u03bc\u03ad\u03bd\u03b5\u03c2 \u03b5\u03c0\u03b1\u03b3\u03b3\u03b5\u03bb\u03bc\u03b1\u03c4\u03b9\u03ba\u03ad\u03c2 \u03b5\u03b3\u03ba\u03b1\u03c4\u03b1\u03c3\u03c4\u03ac\u03c3\u03b5\u03b9\u03c2<\/strong>, \u03bc\u03b5 \u03b5\u03be\u03bf\u03c0\u03bb\u03b9\u03c3\u03bc\u03cc \u03b1\u03b9\u03c7\u03bc\u03ae\u03c2, \u03c0\u03bf\u03bb\u03c5\u03b4\u03cd\u03bd\u03b1\u03bc\u03b1 <strong>\u03b5\u03ba\u03c0\u03b1\u03b9\u03b4\u03b5\u03c5\u03c4\u03b9\u03ba\u03ac \u03b5\u03c3\u03c4\u03b9\u03b1\u03c4\u03cc\u03c1\u03b9\u03b1 (boarding restaurants), mockup hotel rooms \u03c3\u03cd\u03b3\u03c7\u03c1\u03bf\u03bd\u03b5\u03c2 \u03c0\u03bb\u03b7\u03c1\u03bf\u03c6\u03bf\u03c1\u03b9\u03b1\u03ba\u03ac Receptions<\/strong> \u03c0\u03bf\u03c5 \u03bb\u03b5\u03b9\u03c4\u03bf\u03c5\u03c1\u03b3\u03bf\u03cd\u03bd \u03b5\u03bd\u03c4\u03cc\u03c2 \u03c4\u03b7\u03c2 \u03c3\u03c7\u03bf\u03bb\u03ae\u03c2 \u03c3\u03c4\u03b1 \u03c0\u03c1\u03cc\u03c4\u03c5\u03c0\u03b1 \u03c4\u03bf\u03c5 \u0395\u03bb\u03b2\u03b5\u03c4\u03b9\u03ba\u03bf\u03cd \u03c3\u03c5\u03c3\u03c4\u03ae\u03bc\u03b1\u03c4\u03bf\u03c2.<\/p>\n<p style=\"text-align: left;\">\u03a4\u03b1 \u03bc\u03b5\u03b3\u03b1\u03bb\u03cd\u03c4\u03b5\u03c1\u03b1 \u03bf\u03bd\u03cc\u03bc\u03b1\u03c4\u03b1 \u03c4\u03b7\u03c2 \u03b5\u03bb\u03bb\u03b7\u03bd\u03b9\u03ba\u03ae\u03c2 \u03b3\u03b1\u03c3\u03c4\u03c1\u03bf\u03bd\u03bf\u03bc\u03af\u03b1\u03c2 \u03b4\u03b9\u03b4\u03ac\u03c3\u03ba\u03bf\u03c5\u03bd \u03b1\u03c0\u03bf\u03ba\u03bb\u03b5\u03b9\u03c3\u03c4\u03b9\u03ba\u03ac \u03c3\u03c4\u03b7\u03bd <span data-olk-copy-source=\"MessageBody\">\u0391\u03bd\u03ce\u03c4\u03b5\u03c1\u03b7 \u03a3\u03c7\u03bf\u03bb\u03ae \u0391\u039a\u039c\u0397<\/span>. <strong>\u039a\u03bf\u03bd\u03c4\u03b9\u03b6\u03ac\u03c2, \u039c\u03c0\u03b1\u03be\u03b5\u03b2\u03ac\u03bd\u03b7\u03c2, \u039c\u03bf\u03c5\u03c1\u03b1\u03c4\u03af\u03b4\u03b7\u03c2<\/strong>, \u03ba\u03b1\u03b9 \u03ac\u03bb\u03bb\u03bf\u03b9 60 \u03ba\u03bf\u03c1\u03c5\u03c6\u03b1\u03af\u03bf\u03b9 \u03b5\u03c0\u03b1\u03b3\u03b3\u03b5\u03bb\u03bc\u03b1\u03c4\u03af\u03b5\u03c2 Chefs \u03bc\u03bf\u03b9\u03c1\u03ac\u03b6\u03bf\u03bd\u03c4\u03b1\u03b9 \u03c4\u03b9\u03c2 \u03b5\u03bc\u03c0\u03b5\u03b9\u03c1\u03af\u03b5\u03c2 \u03c4\u03bf\u03c5\u03c2 \u03bc\u03ad\u03c3\u03b1 \u03b1\u03c0\u03cc \u03b5\u03be\u03b5\u03b9\u03b4\u03b9\u03ba\u03b5\u03c5\u03bc\u03ad\u03bd\u03b1 \u03ba\u03b1\u03b9\u03bd\u03bf\u03c4\u03cc\u03bc\u03b1 masterclasses \u03c0\u03bf\u03c5 \u03ad\u03c7\u03bf\u03c5\u03bd \u03b1\u03bb\u03bb\u03ac\u03be\u03b5\u03b9 \u03c4\u03b1 \u03b4\u03b5\u03b4\u03bf\u03bc\u03ad\u03bd\u03b1 \u03c3\u03c4\u03b9\u03c2 \u03c3\u03c0\u03bf\u03c5\u03b4\u03ad\u03c2 \u03b5\u03c0\u03b1\u03b3\u03b3\u03b5\u03bb\u03bc\u03b1\u03c4\u03b9\u03ba\u03ae\u03c2 \u03b5\u03ba\u03c0\u03b1\u03af\u03b4\u03b5\u03c5\u03c3\u03b7\u03c2.<\/p>\n<p style=\"text-align: left;\">\u0391\u03c5\u03c4\u03ad\u03c2 \u03c4\u03b9\u03c2 \u03c5\u03c8\u03b7\u03bb\u03ad\u03c2 \u03c0\u03c1\u03bf\u03b4\u03b9\u03b1\u03b3\u03c1\u03b1\u03c6\u03ad\u03c2 \u03b5\u03bc\u03c0\u03b9\u03c3\u03c4\u03b5\u03cd\u03bf\u03bd\u03c4\u03b1\u03b9 \u03b7 \u00c9cole <strong>H\u00f4teli\u00e8re de Lausanne, \u03b7 \u039d\u03bf1 \u03be\u03b5\u03bd\u03bf\u03b4\u03bf\u03c7\u03b5\u03b9\u03b1\u03ba\u03ae \u03c3\u03c7\u03bf\u03bb\u03ae \u03c3\u03c4\u03bf\u03bd \u03ba\u03cc\u03c3\u03bc\u03bf<\/strong> \u03ba\u03b1\u03b9 \u03b7 <strong>Ducasse Education, \u03b7 \u03b3\u03b1\u03bb\u03bb\u03b9\u03ba\u03ae \u03c3\u03c7\u03bf\u03bb\u03ae \u2013 \u03c3\u03c4\u03b1\u03b8\u03bc\u03cc\u03c2 \u03c3\u03c4\u03b7\u03bd \u03c0\u03b1\u03b3\u03ba\u03cc\u03c3\u03bc\u03b9\u03b1 \u0393\u03b1\u03c3\u03c4\u03c1\u03bf\u03bd\u03bf\u03bc\u03af\u03b1<\/strong>, \u03c0\u03c1\u03bf\u03c3\u03c6\u03ad\u03c1\u03bf\u03bd\u03c4\u03b1\u03c2 \u03b1\u03c0\u03bf\u03ba\u03bb\u03b5\u03b9\u03c3\u03c4\u03b9\u03ba\u03ac \u03c3\u03c4\u03bf\u03c5\u03c2 \u03c3\u03c0\u03bf\u03c5\u03b4\u03b1\u03c3\u03c4\u03ad\u03c2 \u039c\u03b1\u03b3\u03b5\u03b9\u03c1\u03b9\u03ba\u03ae\u03c2 \u03c4\u03b7\u03c2 <span data-olk-copy-source=\"MessageBody\">\u0391\u03bd\u03ce\u03c4\u03b5\u03c1\u03b7\u03c2 \u03a3\u03c7\u03bf\u03bb\u03ae\u03c2 \u0391\u039a\u039c\u0397<\/span> \u03ba\u03bf\u03c1\u03c5\u03c6\u03b1\u03af\u03b1 \u03b4\u03b9\u03b5\u03b8\u03bd\u03ce\u03c2 \u03b4\u03b9\u03c0\u03bb\u03ce\u03bc\u03b1\u03c4\u03b1 \u03ba\u03b1\u03b9 \u03c0\u03b9\u03c3\u03c4\u03bf\u03c0\u03bf\u03b9\u03ae\u03c3\u03b5\u03b9\u03c2 \u03c3\u03c4\u03b9\u03c2 \u03c3\u03c0\u03bf\u03c5\u03b4\u03ad\u03c2 \u039e\u03b5\u03bd\u03bf\u03b4\u03bf\u03c7\u03b5\u03b9\u03b1\u03ba\u03ce\u03bd \u03ba\u03b1\u03b9 \u0393\u03b1\u03c3\u03c4\u03c1\u03bf\u03bd\u03bf\u03bc\u03af\u03b1\u03c2.<\/p>\n<p><\/div><\/div>[\/vc_column][\/vc_row][vc_row el_class=&#8221;double-photo-columns&#8221;][vc_column width=&#8221;1\/2&#8243; css=&#8221;.vc_custom_1685513972377{padding-bottom: 10px !important;}&#8221;][vc_single_image image=&#8221;1849&#8243; img_size=&#8221;full&#8221;][\/vc_column][vc_column width=&#8221;1\/2&#8243; css=&#8221;.vc_custom_1685513975241{padding-bottom: 10px !important;}&#8221;][vc_single_image image=&#8221;1851&#8243; img_size=&#8221;full&#8221;][\/vc_column][\/vc_row][vc_row el_class=&#8221;double-photo-columns&#8221;][vc_column width=&#8221;1\/2&#8243; css=&#8221;.vc_custom_1685513980189{margin-bottom: 10px !important;}&#8221;][vc_single_image image=&#8221;1850&#8243; img_size=&#8221;full&#8221;][\/vc_column][vc_column width=&#8221;1\/2&#8243; css=&#8221;.vc_custom_1685513983462{padding-bottom: 10px !important;}&#8221;][vc_single_image image=&#8221;1852&#8243; img_size=&#8221;full&#8221;][\/vc_column][\/vc_row][vc_row el_class=&#8221;double-photo-columns&#8221; css=&#8221;.vc_custom_1685514012927{margin-bottom: 30px !important;}&#8221;][vc_column width=&#8221;1\/2&#8243; css=&#8221;.vc_custom_1685513998465{padding-bottom: 10px !important;}&#8221;][vc_single_image image=&#8221;1853&#8243; img_size=&#8221;full&#8221;][\/vc_column][vc_column width=&#8221;1\/2&#8243; css=&#8221;.vc_custom_1685514002468{padding-bottom: 10px !important;}&#8221;][vc_single_image image=&#8221;1854&#8243; img_size=&#8221;full&#8221;][\/vc_column][\/vc_row]<\/p>\n<\/section>","protected":false},"excerpt":{"rendered":"<p>[vc_row full_width=&#8221;stretch_row&#8221; css=&#8221;.vc_custom_1685354920494{padding-top: 60px !important;padding-bottom: 50px !important;}&#8221;][vc_column][\/vc_column][\/vc_row][vc_row full_width=&#8221;stretch_row&#8221; css=&#8221;.vc_custom_1685354233065{padding-bottom: 50px !important;}&#8221;][vc_column width=&#8221;1\/3&#8243;][\/vc_column][vc_column width=&#8221;2\/3&#8243;][\/vc_column][\/vc_row][vc_row el_class=&#8221;double-photo-columns&#8221;][vc_column width=&#8221;1\/2&#8243; css=&#8221;.vc_custom_1685513972377{padding-bottom: 10px !important;}&#8221;][vc_single_image image=&#8221;1849&#8243; img_size=&#8221;full&#8221;][\/vc_column][vc_column width=&#8221;1\/2&#8243; css=&#8221;.vc_custom_1685513975241{padding-bottom: 10px !important;}&#8221;][vc_single_image image=&#8221;1851&#8243; img_size=&#8221;full&#8221;][\/vc_column][\/vc_row][vc_row el_class=&#8221;double-photo-columns&#8221;][vc_column width=&#8221;1\/2&#8243; css=&#8221;.vc_custom_1685513980189{margin-bottom: 10px !important;}&#8221;][vc_single_image image=&#8221;1850&#8243; img_size=&#8221;full&#8221;][\/vc_column][vc_column width=&#8221;1\/2&#8243; css=&#8221;.vc_custom_1685513983462{padding-bottom: 10px !important;}&#8221;][vc_single_image image=&#8221;1852&#8243; img_size=&#8221;full&#8221;][\/vc_column][\/vc_row][vc_row el_class=&#8221;double-photo-columns&#8221; css=&#8221;.vc_custom_1685514012927{margin-bottom: 30px !important;}&#8221;][vc_column width=&#8221;1\/2&#8243; css=&#8221;.vc_custom_1685513998465{padding-bottom: 10px !important;}&#8221;][vc_single_image image=&#8221;1853&#8243; img_size=&#8221;full&#8221;][\/vc_column][vc_column width=&#8221;1\/2&#8243; css=&#8221;.vc_custom_1685514002468{padding-bottom: 10px !important;}&#8221;][vc_single_image image=&#8221;1854&#8243; img_size=&#8221;full&#8221;][\/vc_column][\/vc_row]<\/p>\n","protected":false},"author":1,"featured_media":0,"parent":0,"menu_order":5,"comment_status":"closed","ping_status":"closed","template":"","meta":{"footnotes":""},"class_list":["post-1784","page","type-page","status-publish","hentry","description-off"],"_links":{"self":[{"href":"https:\/\/iek-akmi.edu.gr\/hospitalityforward\/wp-json\/wp\/v2\/pages\/1784","targetHints":{"allow":["GET"]}}],"collection":[{"href":"https:\/\/iek-akmi.edu.gr\/hospitalityforward\/wp-json\/wp\/v2\/pages"}],"about":[{"href":"https:\/\/iek-akmi.edu.gr\/hospitalityforward\/wp-json\/wp\/v2\/types\/page"}],"author":[{"embeddable":true,"href":"https:\/\/iek-akmi.edu.gr\/hospitalityforward\/wp-json\/wp\/v2\/users\/1"}],"replies":[{"embeddable":true,"href":"https:\/\/iek-akmi.edu.gr\/hospitalityforward\/wp-json\/wp\/v2\/comments?post=1784"}],"version-history":[{"count":32,"href":"https:\/\/iek-akmi.edu.gr\/hospitalityforward\/wp-json\/wp\/v2\/pages\/1784\/revisions"}],"predecessor-version":[{"id":2149,"href":"https:\/\/iek-akmi.edu.gr\/hospitalityforward\/wp-json\/wp\/v2\/pages\/1784\/revisions\/2149"}],"wp:attachment":[{"href":"https:\/\/iek-akmi.edu.gr\/hospitalityforward\/wp-json\/wp\/v2\/media?parent=1784"}],"curies":[{"name":"wp","href":"https:\/\/api.w.org\/{rel}","templated":true}]}}